{"id":2,"date":"2025-08-02T07:43:48","date_gmt":"2025-08-02T07:43:48","guid":{"rendered":"http:\/\/perigord-in.fr\/?page_id=2"},"modified":"2025-10-13T13:21:43","modified_gmt":"2025-10-13T13:21:43","slug":"sample-page","status":"publish","type":"page","link":"https:\/\/perigord-in.fr\/index.php\/sample-page\/","title":{"rendered":"\u00c0 propos"},"content":{"rendered":"\n<p><\/p>\n\n\n\n<blockquote class=\"wp-block-quote is-layout-flow wp-block-quote-is-layout-flow\">\n<p>Journaliste ind\u00e9pendante, Emma Lassort a envie de changer le regard et les repr\u00e9sentations d\u2019un journalisme \u201chors-sol\u201d, et de partager sa passion de l\u2019info juste face \u00e0 la d\u00e9sinformation ou la m\u00e9sinformation.<\/p>\n\n\n\n<p>20 ans apr\u00e8s sa formation initiale \u201cJournalisme multim\u00e9dia\u201d et autant d\u2019exp\u00e9rience dans la presse (notamment hebdomadaire r\u00e9gionale), elle se forme \u00e0 l\u2019\u00e9ducation aux m\u00e9dias et \u00e0 l\u2019information. Elle obtient la certification de comp\u00e9tences professionnelles Interbranche (CCPI) en d\u00e9cembre 2024, et cr\u00e9\u00e9e son activit\u00e9 au sein de Coop Alpha en janvier 2025, sous l\u2019enseigne \u201cP\u00e9rigord\u2019in\u201d.<\/p>\n\n\n\n<figure class=\"wp-block-image size-full\"><img fetchpriority=\"high\" decoding=\"async\" width=\"723\" height=\"406\" src=\"http:\/\/perigord-in.fr\/wp-content\/uploads\/2025\/10\/moi-emi-cij-1.jpg\" alt=\"\" class=\"wp-image-164\" srcset=\"https:\/\/perigord-in.fr\/wp-content\/uploads\/2025\/10\/moi-emi-cij-1.jpg 723w, https:\/\/perigord-in.fr\/wp-content\/uploads\/2025\/10\/moi-emi-cij-1-300x168.jpg 300w\" sizes=\"(max-width: 723px) 100vw, 723px\" \/><\/figure>\n\n\n\n<p>\u201cMon approche est inspir\u00e9e par les valeurs et les m\u00e9thodes de p\u00e9dagogie active issues de l\u2019\u00c9ducation Populaire : la libert\u00e9 de conscience et d\u2019expression, la justice sociale, l\u2019esprit critique, l\u2019autonomie, la coop\u00e9ration, le pouvoir d\u2019agir\u201d.<\/p>\n<\/blockquote>\n","protected":false},"excerpt":{"rendered":"","protected":false},"author":1,"featured_media":0,"parent":0,"menu_order":0,"comment_status":"closed","ping_status":"open","template":"","meta":{"site-sidebar-layout":"default","site-content-layout":"","ast-site-content-layout":"default","site-content-style":"default","site-sidebar-style":"default","ast-global-header-display":"","ast-banner-title-visibility":"","ast-main-header-display":"","ast-hfb-above-header-display":"","ast-hfb-below-header-display":"","ast-hfb-mobile-header-display":"","site-post-title":"","ast-breadcrumbs-content":"","ast-featured-img":"","footer-sml-layout":"","theme-transparent-header-meta":"","adv-header-id-meta":"","stick-header-meta":"","header-above-stick-meta":"","header-main-stick-meta":"","header-below-stick-meta":"","astra-migrate-meta-layouts":"default","ast-page-background-enabled":"default","ast-page-background-meta":{"desktop":{"background-color":"var(--ast-global-color-5)","background-image":"","background-repeat":"repeat","background-position":"center center","background-size":"auto","background-attachment":"scroll","background-type":"","background-media":"","overlay-type":"","overlay-color":"","overlay-opacity":"","overlay-gradient":""},"tablet":{"background-color":"","background-image":"","background-repeat":"repeat","background-position":"center center","background-size":"auto","background-attachment":"scroll","background-type":"","background-media":"","overlay-type":"","overlay-color":"","overlay-opacity":"","overlay-gradient":""},"mobile":{"background-color":"","background-image":"","background-repeat":"repeat","background-position":"center center","background-size":"auto","background-attachment":"scroll","background-type":"","background-media":"","overlay-type":"","overlay-color":"","overlay-opacity":"","overlay-gradient":""}},"ast-content-background-meta":{"desktop":{"background-color":"var(--ast-global-color-4)","background-image":"","background-repeat":"repeat","background-position":"center center","background-size":"auto","background-attachment":"scroll","background-type":"","background-media":"","overlay-type":"","overlay-color":"","overlay-opacity":"","overlay-gradient":""},"tablet":{"background-color":"var(--ast-global-color-4)","background-image":"","background-repeat":"repeat","background-position":"center center","background-size":"auto","background-attachment":"scroll","background-type":"","background-media":"","overlay-type":"","overlay-color":"","overlay-opacity":"","overlay-gradient":""},"mobile":{"background-color":"var(--ast-global-color-4)","background-image":"","background-repeat":"repeat","background-position":"center center","background-size":"auto","background-attachment":"scroll","background-type":"","background-media":"","overlay-type":"","overlay-color":"","overlay-opacity":"","overlay-gradient":""}},"footnotes":""},"class_list":["post-2","page","type-page","status-publish","hentry"],"yoast_head":"<!-- This site is optimized with the Yoast SEO plugin v25.6 - https:\/\/yoast.com\/wordpress\/plugins\/seo\/ -->\n<title>\u00c0 propos - Perigord&#039;In<\/title>\n<meta name=\"robots\" content=\"index, follow, max-snippet:-1, max-image-preview:large, max-video-preview:-1\" \/>\n<link rel=\"canonical\" href=\"http:\/\/perigord-in.fr\/index.php\/sample-page\/\" \/>\n<meta property=\"og:locale\" content=\"en_US\" \/>\n<meta property=\"og:type\" content=\"article\" \/>\n<meta property=\"og:title\" content=\"\u00c0 propos - Perigord&#039;In\" \/>\n<meta property=\"og:url\" content=\"http:\/\/perigord-in.fr\/index.php\/sample-page\/\" \/>\n<meta property=\"og:site_name\" content=\"Perigord&#039;In\" \/>\n<meta property=\"article:modified_time\" content=\"2025-10-13T13:21:43+00:00\" \/>\n<meta property=\"og:image\" content=\"http:\/\/perigord-in.fr\/wp-content\/uploads\/2025\/10\/moi-emi-cij-1.jpg\" \/>\n<meta name=\"twitter:card\" content=\"summary_large_image\" \/>\n<script type=\"application\/ld+json\" class=\"yoast-schema-graph\">{\"@context\":\"https:\/\/schema.org\",\"@graph\":[{\"@type\":\"WebPage\",\"@id\":\"http:\/\/perigord-in.fr\/index.php\/sample-page\/\",\"url\":\"http:\/\/perigord-in.fr\/index.php\/sample-page\/\",\"name\":\"\u00c0 propos - Perigord&#039;In\",\"isPartOf\":{\"@id\":\"http:\/\/perigord-in.fr\/#website\"},\"primaryImageOfPage\":{\"@id\":\"http:\/\/perigord-in.fr\/index.php\/sample-page\/#primaryimage\"},\"image\":{\"@id\":\"http:\/\/perigord-in.fr\/index.php\/sample-page\/#primaryimage\"},\"thumbnailUrl\":\"http:\/\/perigord-in.fr\/wp-content\/uploads\/2025\/10\/moi-emi-cij-1.jpg\",\"datePublished\":\"2025-08-02T07:43:48+00:00\",\"dateModified\":\"2025-10-13T13:21:43+00:00\",\"breadcrumb\":{\"@id\":\"http:\/\/perigord-in.fr\/index.php\/sample-page\/#breadcrumb\"},\"inLanguage\":\"en-US\",\"potentialAction\":[{\"@type\":\"ReadAction\",\"target\":[\"http:\/\/perigord-in.fr\/index.php\/sample-page\/\"]}]},{\"@type\":\"ImageObject\",\"inLanguage\":\"en-US\",\"@id\":\"http:\/\/perigord-in.fr\/index.php\/sample-page\/#primaryimage\",\"url\":\"https:\/\/perigord-in.fr\/wp-content\/uploads\/2025\/10\/moi-emi-cij-1.jpg\",\"contentUrl\":\"https:\/\/perigord-in.fr\/wp-content\/uploads\/2025\/10\/moi-emi-cij-1.jpg\",\"width\":723,\"height\":406},{\"@type\":\"BreadcrumbList\",\"@id\":\"http:\/\/perigord-in.fr\/index.php\/sample-page\/#breadcrumb\",\"itemListElement\":[{\"@type\":\"ListItem\",\"position\":1,\"name\":\"Home\",\"item\":\"http:\/\/perigord-in.fr\/\"},{\"@type\":\"ListItem\",\"position\":2,\"name\":\"\u00c0 propos\"}]},{\"@type\":\"WebSite\",\"@id\":\"http:\/\/perigord-in.fr\/#website\",\"url\":\"http:\/\/perigord-in.fr\/\",\"name\":\"Perigord&#039;In\",\"description\":\"\",\"publisher\":{\"@id\":\"http:\/\/perigord-in.fr\/#organization\"},\"potentialAction\":[{\"@type\":\"SearchAction\",\"target\":{\"@type\":\"EntryPoint\",\"urlTemplate\":\"http:\/\/perigord-in.fr\/?s={search_term_string}\"},\"query-input\":{\"@type\":\"PropertyValueSpecification\",\"valueRequired\":true,\"valueName\":\"search_term_string\"}}],\"inLanguage\":\"en-US\"},{\"@type\":\"Organization\",\"@id\":\"http:\/\/perigord-in.fr\/#organization\",\"name\":\"Perigord&#039;In\",\"url\":\"http:\/\/perigord-in.fr\/\",\"logo\":{\"@type\":\"ImageObject\",\"inLanguage\":\"en-US\",\"@id\":\"http:\/\/perigord-in.fr\/#\/schema\/logo\/image\/\",\"url\":\"https:\/\/perigord-in.fr\/wp-content\/uploads\/2025\/10\/cropped-PX-baseline@2x-scaled-1.png\",\"contentUrl\":\"https:\/\/perigord-in.fr\/wp-content\/uploads\/2025\/10\/cropped-PX-baseline@2x-scaled-1.png\",\"width\":2560,\"height\":854,\"caption\":\"Perigord&#039;In\"},\"image\":{\"@id\":\"http:\/\/perigord-in.fr\/#\/schema\/logo\/image\/\"}}]}<\/script>\n<!-- \/ Yoast SEO plugin. -->","yoast_head_json":{"title":"\u00c0 propos - Perigord&#039;In","robots":{"index":"index","follow":"follow","max-snippet":"max-snippet:-1","max-image-preview":"max-image-preview:large","max-video-preview":"max-video-preview:-1"},"canonical":"http:\/\/perigord-in.fr\/index.php\/sample-page\/","og_locale":"en_US","og_type":"article","og_title":"\u00c0 propos - Perigord&#039;In","og_url":"http:\/\/perigord-in.fr\/index.php\/sample-page\/","og_site_name":"Perigord&#039;In","article_modified_time":"2025-10-13T13:21:43+00:00","og_image":[{"url":"http:\/\/perigord-in.fr\/wp-content\/uploads\/2025\/10\/moi-emi-cij-1.jpg","type":"","width":"","height":""}],"twitter_card":"summary_large_image","schema":{"@context":"https:\/\/schema.org","@graph":[{"@type":"WebPage","@id":"http:\/\/perigord-in.fr\/index.php\/sample-page\/","url":"http:\/\/perigord-in.fr\/index.php\/sample-page\/","name":"\u00c0 propos - Perigord&#039;In","isPartOf":{"@id":"http:\/\/perigord-in.fr\/#website"},"primaryImageOfPage":{"@id":"http:\/\/perigord-in.fr\/index.php\/sample-page\/#primaryimage"},"image":{"@id":"http:\/\/perigord-in.fr\/index.php\/sample-page\/#primaryimage"},"thumbnailUrl":"http:\/\/perigord-in.fr\/wp-content\/uploads\/2025\/10\/moi-emi-cij-1.jpg","datePublished":"2025-08-02T07:43:48+00:00","dateModified":"2025-10-13T13:21:43+00:00","breadcrumb":{"@id":"http:\/\/perigord-in.fr\/index.php\/sample-page\/#breadcrumb"},"inLanguage":"en-US","potentialAction":[{"@type":"ReadAction","target":["http:\/\/perigord-in.fr\/index.php\/sample-page\/"]}]},{"@type":"ImageObject","inLanguage":"en-US","@id":"http:\/\/perigord-in.fr\/index.php\/sample-page\/#primaryimage","url":"https:\/\/perigord-in.fr\/wp-content\/uploads\/2025\/10\/moi-emi-cij-1.jpg","contentUrl":"https:\/\/perigord-in.fr\/wp-content\/uploads\/2025\/10\/moi-emi-cij-1.jpg","width":723,"height":406},{"@type":"BreadcrumbList","@id":"http:\/\/perigord-in.fr\/index.php\/sample-page\/#breadcrumb","itemListElement":[{"@type":"ListItem","position":1,"name":"Home","item":"http:\/\/perigord-in.fr\/"},{"@type":"ListItem","position":2,"name":"\u00c0 propos"}]},{"@type":"WebSite","@id":"http:\/\/perigord-in.fr\/#website","url":"http:\/\/perigord-in.fr\/","name":"Perigord&#039;In","description":"","publisher":{"@id":"http:\/\/perigord-in.fr\/#organization"},"potentialAction":[{"@type":"SearchAction","target":{"@type":"EntryPoint","urlTemplate":"http:\/\/perigord-in.fr\/?s={search_term_string}"},"query-input":{"@type":"PropertyValueSpecification","valueRequired":true,"valueName":"search_term_string"}}],"inLanguage":"en-US"},{"@type":"Organization","@id":"http:\/\/perigord-in.fr\/#organization","name":"Perigord&#039;In","url":"http:\/\/perigord-in.fr\/","logo":{"@type":"ImageObject","inLanguage":"en-US","@id":"http:\/\/perigord-in.fr\/#\/schema\/logo\/image\/","url":"https:\/\/perigord-in.fr\/wp-content\/uploads\/2025\/10\/cropped-PX-baseline@2x-scaled-1.png","contentUrl":"https:\/\/perigord-in.fr\/wp-content\/uploads\/2025\/10\/cropped-PX-baseline@2x-scaled-1.png","width":2560,"height":854,"caption":"Perigord&#039;In"},"image":{"@id":"http:\/\/perigord-in.fr\/#\/schema\/logo\/image\/"}}]}},"_links":{"self":[{"href":"https:\/\/perigord-in.fr\/index.php\/wp-json\/wp\/v2\/pages\/2","targetHints":{"allow":["GET"]}}],"collection":[{"href":"https:\/\/perigord-in.fr\/index.php\/wp-json\/wp\/v2\/pages"}],"about":[{"href":"https:\/\/perigord-in.fr\/index.php\/wp-json\/wp\/v2\/types\/page"}],"author":[{"embeddable":true,"href":"https:\/\/perigord-in.fr\/index.php\/wp-json\/wp\/v2\/users\/1"}],"replies":[{"embeddable":true,"href":"https:\/\/perigord-in.fr\/index.php\/wp-json\/wp\/v2\/comments?post=2"}],"version-history":[{"count":1,"href":"https:\/\/perigord-in.fr\/index.php\/wp-json\/wp\/v2\/pages\/2\/revisions"}],"predecessor-version":[{"id":165,"href":"https:\/\/perigord-in.fr\/index.php\/wp-json\/wp\/v2\/pages\/2\/revisions\/165"}],"wp:attachment":[{"href":"https:\/\/perigord-in.fr\/index.php\/wp-json\/wp\/v2\/media?parent=2"}],"curies":[{"name":"wp","href":"https:\/\/api.w.org\/{rel}","templated":true}]}}